undreds digit of 6278?
2
What is the thousands digit of 2856?
2
What is the tens digit of 9322?
2
What is the thousands digit of 9584?
9
What is the tens digit of 13369?
6
What is the tens digit of 134112?
1
What is the tens digit of 26050?
5
What is the units digit of 45440?
0
What is the hundreds digit of 53801?
8
What is the units digit of 26670?
0
What is the hundreds digit of 4696?
6
What is the hundreds digit of 2764?
7
What is the thousands digit of 5580?
5
What is the units digit of 10591?
1
What is the hundreds digit of 769?
7
What is the tens digit of 19843?
4
What is the tens digit of 6098?
9
What is the hundreds digit of 1384?
3
What is the ten thousands digit of 28441?
2
What is the units digit of 1420?
0
What is the hundreds digit of 719?
7
What is the units digit of 16587?
7
What is the thousands digit of 1345?
1
What is the hundreds digit of 830?
8
What is the units digit of 989?
9
What is the tens digit of 7204?
0
What is the hundreds digit of 2008?
0
What is the hundreds digit of 290?
2
What is the hundreds digit of 73011?
0
What is the units digit of 3807?
7
What is the hundreds digit of 942?
9
What is the thousands digit of 40132?
0
What is the units digit of 12851?
1
What is the hundreds digit of 20797?
7
What is the tens digit of 2454?
5
What is the thousands digit of 1145?
1
What is the tens digit of 100?
0
What is the tens digit of 905?
0
What is the thousands digit of 48103?
8
What is the tens digit of 9820?
2
What is the tens digit of 992?
9
What is the units digit of 5786?
6
What is the hundreds digit of 56381?
3
What is the thousands digit of 5823?
5
What is the tens digit of 234?
3
What is the units digit of 901?
1
What is the hundreds digit of 14448?
4
What is the units digit of 21385?
5
What is the units digit of 22408?
8
What is the units digit of 1203?
3
What is the ten thousands digit of 11668?
1
What is the thousands digit of 5628?
5
What is the tens digit of 8017?
1
What is the tens digit of 880?
8
What is the units digit of 50150?
0
What is the tens digit of 19632?
3
What is the tens digit of 879?
7
What is the ten thousands digit of 16082?
1
What is the units digit of 79978?
8
What is the hundreds digit of 778?
7
What is the units digit of 7547?
7
What is the units digit of 12?
2
What is the units digit of 89715?
5
What is the units digit of 3740?
0
What is the ten thousands digit of 10627?
1
What is the tens digit of 3582?
8
What is the tens digit of 1020?
2
What is the thousands digit of 5770?
5
What is the hundreds digit of 898?
8
What is the hundreds digit of 10483?
4
What is the units digit of 1871?
1
What is the tens digit of 82895?
9
What is the tens digit of 30358?
5
What is the tens digit of 89892?
9
What is the units digit of 2486?
6
What is the units digit of 30713?
3
What is the hundreds digit of 4064?
0
What is the hundreds digit of 6667?
6
What is the tens digit of 1610?
1
What is the units digit of 3407?
7
What is the thousands digit of 2565?
2
What is the thousands digit of 49530?
9
What is the hundreds digit of 13773?
7
What is the thousands digit of 2120?
2
What is the tens digit of 1886?
8
What is the tens digit of 4653?
5
What is the hundreds digit of 1032?
0
What is the tens digit of 2350?
5
What is the units digit of 43315?
5
What is the hundreds digit of 48006?
0
What is the tens digit of 990?
9
What is the ten thousands digit of 32050?
3
What is the hundreds digit of 61990?
9
What is the tens digit of 36530?
3
What is the hundreds digit of 15916?
9
What is the hundreds digit of 2178?
1
What is the hundreds digit of 23117?
1
What is the ten thousands digit of 34866?
3
What is the tens digit of 51016?
1
What is the units digit of 51565?
5
What is the tens digit of 551?
5
What is the hundreds digit of 10990?
9
What is the thousands digit of 25348?
5
What is the tens digit of 102?
0
What is the tens digit of 453?
5
What is the units digit of 10368?
8
What is the thousands digit of 1934?
1
What is the units digit of 26264?
4
What is the ten thousands digit of 15300?
1
What is the hundreds digit of 5514?
5
What is the ten thousands digit of 28120?
2
What is the ten thousands digit of 44561?
4
What is the hundreds digit of 224?
2
What is the units digit of 8787?
7
What is the tens digit of 61516?
1
What is the units digit of 19009?
9
What is the ten thousands digit of 32127?
3
What is the ten thousands digit of 16606?
1
What is the thousands digit of 7996?
7
What is the tens digit of 20143?
4
What is the hundreds digit of 2381?
3
What is the hundreds digit of 737?
7
What is the thousands digit of 26758?
6
What is the hundreds digit of 5348?
3
What is the units digit of 995?
5
What is the hundreds digit of 2102?
1
What is the tens digit of 1197?
9
What is the units digit of 23447?
7
What is the units digit of 19643?
3
What is the units digit of 1517?
7
What is the units digit of 116?
6
What is the hundreds digit of 24591?
5
What is the tens digit of 229?
2
What is the units digit of 2580?
0
What is the tens digit of 1739?
3
What is the thousands digit of 4394?
4
What is the ten thousands digit of 54212?
5
What is the units digit of 22338?
8
What is the hundreds digit of 8215?
2
What is the hundreds digit of 6982?
9
What is the hundreds digit of 591?
5
What is the units digit of 9366?
6
What is the thousands digit of 16859?
6
What is the thousands digit of 4559?
4
What is the hundreds digit of 2292?
2
What is the thousands digit of 3774?
3
What is the units digit of 2?
2
What is the hundreds digit of 9152?
1
What is the thousands digit of 1289?
1
What is the thousands digit of 39385?
9
What is the tens digit of 7090?
9
What is the hundreds digit of 101?
1
What is the tens digit of 646?
4
What is the hundreds digit of 116494?
4
What is the units digit of 35787?
7
What is the hundreds digit of 307?
3
What is the tens digit of 14217?
1
What is the hundreds digit of 1892?
8
What is the units digit of 1115?
5
What is the units digit of 4402?
2
What is the hundreds digit of 18052?
0
What is the tens digit of 799?
9
What is the hundreds digit of 2940?
9
What is the units digit of 24715?
5
What is the hundreds digit of 4588?
5
What is the hundreds digit of 11991?
9
What is the thousands digit of 6985?
6
What is the thousands digit of 20160?
0
What is the units digit of 656?
6
What is the hundreds digit of 5712?
7
What is the units digit of 955?
5
What is the tens digit of 4100?
0
What is the tens digit of 63667?
6
What is the units digit of 6?
6
What is the tens digit of 17696?
9
What is the hundreds digit of 3098?
0
What is the tens digit of 361?
6
What is the units digit of 84743?
3
What is the units digit of 148?
8
What is the thousands digit of 1507?
1
What is the hundreds digit of 10031?
0
What is the hundreds digit of 1627?
6
What is the thousands digit of 2439?
2
What is the tens digit of 1690?
9
What is the tens digit of 2085?
8
What is the hundreds digit of 2220?
2
What is the hundreds digit of 144?
1
What is the units digit of 2758?
8
What is the hundreds digit of 1636?
6
What is the ten thousands digit of 19598?
1
What is the thousands digit of 9540?
9
What is the tens digit of 74408?
0
What is the units digit of 386?
6
What is the thousands digit of 1393?
1
What is the tens digit of 2150?
5
What is the units digit of 1287?
7
What is the tens digit of 883?
8
What is the tens digit of 5860?
6
What is the thousands digit of 1969?
1
What is the tens digit of 9691?
9
What is the tens digit of 335?
3
What is the units digit of 1779?
9
What is the tens digit of 1933?
3
What is the tens digit of 646?
4
What is the hundreds digit of 3995?
9
What is the units digit of 10736?
6
What is the thousands digit of 2280?
2
What is the units digit of 9340?
0
What is the units digit of 6?
6
What is the hundreds digit of 2833?
8
What is the units digit of 11892?
2
What is the units digit of 13818?
8
What is the thousands digit of 7900?
7
What is the thousands digit of 20550?
0
What is the hundreds digit of 256?
2
What is the tens digit of 2183?
8
What is the units digit of 14868?
8
What is the hundreds digit of 79386?
3
What is the thousands digit of 3078?
3
What is the ten thousands digit of 79535?
7
What is the tens digit of 19274?
7
What is the ten thousands digit of 53526?
5
What is the units digit 